{"id":98,"date":"2018-04-15T17:19:19","date_gmt":"2018-04-15T15:19:19","guid":{"rendered":"http:\/\/toporg.ch\/?page_id=98"},"modified":"2018-05-21T13:35:37","modified_gmt":"2018-05-21T11:35:37","slug":"startseite","status":"publish","type":"page","link":"https:\/\/toporg.ch\/","title":{"rendered":"Startseite"},"content":{"rendered":"\t\t<div data-elementor-type=\"wp-post\" data-elementor-id=\"98\" class=\"elementor elementor-98 elementor-bc-flex-widget\">\n\t\t\t\t\t\t<section class=\"elementor-section elementor-top-section elementor-element elementor-element-2c51c662 elementor-section-stretched elementor-section-height-min-height elementor-section-full_width elementor-section-height-default elementor-section-items-middle\" data-id=\"2c51c662\" data-element_type=\"section\" data-e-type=\"section\" data-settings=\"{&quot;stretch_section&quot;:&quot;section-stretched&quot;,&quot;background_background&quot;:&quot;classic&quot;}\">\n\t\t\t\t\t\t<div class=\"elementor-container elementor-column-gap-narrow\">\n\t\t\t\t\t<div class=\"elementor-column elementor-col-100 elementor-top-column elementor-element elementor-element-7b9f7236\" data-id=\"7b9f7236\" data-element_type=\"column\" data-e-type=\"column\">\n\t\t\t<div class=\"elementor-widget-wrap\">\n\t\t\t\t\t\t\t<\/div>\n\t\t<\/div>\n\t\t\t\t\t<\/div>\n\t\t<\/section>\n\t\t\t\t<section class=\"elementor-section elementor-top-section elementor-element elementor-element-1e7aebe5 elementor-section-stretched elementor-section-boxed elementor-section-height-default elementor-section-height-default\" data-id=\"1e7aebe5\" data-element_type=\"section\" data-e-type=\"section\" data-settings=\"{&quot;background_background&quot;:&quot;classic&quot;,&quot;stretch_section&quot;:&quot;section-stretched&quot;}\">\n\t\t\t\t\t\t<div class=\"elementor-container elementor-column-gap-default\">\n\t\t\t\t\t<div class=\"elementor-column elementor-col-16 elementor-top-column elementor-element elementor-element-4a8d1834\" data-id=\"4a8d1834\" data-element_type=\"column\" data-e-type=\"column\">\n\t\t\t<div class=\"elementor-widget-wrap\">\n\t\t\t\t\t\t\t<\/div>\n\t\t<\/div>\n\t\t\t\t<div class=\"elementor-column elementor-col-66 elementor-top-column elementor-element elementor-element-693dfede\" data-id=\"693dfede\" data-element_type=\"column\" data-e-type=\"column\" data-settings=\"{&quot;background_background&quot;:&quot;classic&quot;}\">\n\t\t\t<div class=\"elementor-widget-wrap elementor-element-populated\">\n\t\t\t\t\t\t<div class=\"elementor-element elementor-element-64f3a7f3 elementor-widget elementor-widget-heading\" data-id=\"64f3a7f3\" data-element_type=\"widget\" data-e-type=\"widget\" data-widget_type=\"heading.default\">\n\t\t\t\t<div class=\"elementor-widget-container\">\n\t\t\t\t\t<h1 class=\"elementor-heading-title elementor-size-default\">Total Office Performance AG<\/h1>\t\t\t\t<\/div>\n\t\t\t\t<\/div>\n\t\t\t\t<div class=\"elementor-element elementor-element-57b0350d elementor-widget-divider--view-line elementor-widget elementor-widget-divider\" data-id=\"57b0350d\" data-element_type=\"widget\" data-e-type=\"widget\" data-widget_type=\"divider.default\">\n\t\t\t\t<div class=\"elementor-widget-container\">\n\t\t\t\t\t\t\t<div class=\"elementor-divider\">\n\t\t\t<span class=\"elementor-divider-separator\">\n\t\t\t\t\t\t<\/span>\n\t\t<\/div>\n\t\t\t\t\t\t<\/div>\n\t\t\t\t<\/div>\n\t\t\t\t<div class=\"elementor-element elementor-element-6add2668 elementor-widget elementor-widget-heading\" data-id=\"6add2668\" data-element_type=\"widget\" data-e-type=\"widget\" data-widget_type=\"heading.default\">\n\t\t\t\t<div class=\"elementor-widget-container\">\n\t\t\t\t\t<h2 class=\"elementor-heading-title elementor-size-default\">Vom Stressbunker zur Arbeitsoase<\/h2>\t\t\t\t<\/div>\n\t\t\t\t<\/div>\n\t\t\t\t<div class=\"elementor-element elementor-element-29004b37 elementor-widget elementor-widget-text-editor\" data-id=\"29004b37\" data-element_type=\"widget\" data-e-type=\"widget\" data-widget_type=\"text-editor.default\">\n\t\t\t\t<div class=\"elementor-widget-container\">\n\t\t\t\t\t\t\t\t\t<p style=\"text-align: center;\">Sie bauen Ihre Firma um?<br \/>Sie erstellen ein neues B\u00fcrogeb\u00e4ude?<br \/>Sie investieren in eine neue Arbeitsplatzgestaltung?<br \/>Sie planen einen Firmen-Umzug?<\/p><p>Wir sind Ihre kompetenten B\u00fcroplaner. Wir gestalten Ihre neuen Arbeitswelten zukunftsorientiert nach modernen und ergonomischen Standards. Egal, ob Sie neu bauen und v\u00f6llig neue Arbeitswelten einrichten, oder ob Sie Ihr bestehendes Umfeld ver\u00e4ndern und modernisieren wollen. Wir f\u00fchren Ihr B\u00fcroprojekt von der ersten Organisationsanalyse baubegleitend bis hin zum erfolgreich abgeschlossenen Umzug. Wir begleiten Sie und Ihre Mitarbeitenden in die neue Arbeitswelt. Wir gestalten und entwickeln Ihre neue Arbeitswelt im st\u00e4ndigen Dialog mit Ihnen.<\/p>\t\t\t\t\t\t\t\t<\/div>\n\t\t\t\t<\/div>\n\t\t\t\t\t<\/div>\n\t\t<\/div>\n\t\t\t\t<div class=\"elementor-column elementor-col-16 elementor-top-column elementor-element elementor-element-c18e801\" data-id=\"c18e801\" data-element_type=\"column\" data-e-type=\"column\">\n\t\t\t<div class=\"elementor-widget-wrap\">\n\t\t\t\t\t\t\t<\/div>\n\t\t<\/div>\n\t\t\t\t\t<\/div>\n\t\t<\/section>\n\t\t\t\t<section class=\"elementor-section elementor-top-section elementor-element elementor-element-7bf3cb05 elementor-section-full_width elementor-section-height-default elementor-section-height-default\" data-id=\"7bf3cb05\" data-element_type=\"section\" data-e-type=\"section\">\n\t\t\t\t\t\t<div class=\"elementor-container elementor-column-gap-default\">\n\t\t\t\t\t<div class=\"elementor-column elementor-col-33 elementor-top-column elementor-element elementor-element-1c39745a\" data-id=\"1c39745a\" data-element_type=\"column\" data-e-type=\"column\">\n\t\t\t<div class=\"elementor-widget-wrap elementor-element-populated\">\n\t\t\t\t\t\t<div class=\"elementor-element elementor-element-63667c8f elementor-widget elementor-widget-image\" data-id=\"63667c8f\" data-element_type=\"widget\" data-e-type=\"widget\" data-widget_type=\"image.default\">\n\t\t\t\t<div class=\"elementor-widget-container\">\n\t\t\t\t\t\t\t\t\t\t\t\t\t\t\t<img fetchpriority=\"high\" decoding=\"async\" width=\"767\" height=\"1024\" src=\"https:\/\/toporg.ch\/wp-content\/uploads\/2018\/04\/Admeira_2017__086_Gataric-Fotografie__low_res_-767x1024.jpg\" class=\"attachment-large size-large wp-image-21\" alt=\"Sitzungsraum gr\u00fcn\" srcset=\"https:\/\/toporg.ch\/wp-content\/uploads\/2018\/04\/Admeira_2017__086_Gataric-Fotografie__low_res_-767x1024.jpg 767w, https:\/\/toporg.ch\/wp-content\/uploads\/2018\/04\/Admeira_2017__086_Gataric-Fotografie__low_res_-225x300.jpg 225w, https:\/\/toporg.ch\/wp-content\/uploads\/2018\/04\/Admeira_2017__086_Gataric-Fotografie__low_res_-768x1025.jpg 768w, https:\/\/toporg.ch\/wp-content\/uploads\/2018\/04\/Admeira_2017__086_Gataric-Fotografie__low_res_.jpg 999w\" sizes=\"(max-width: 767px) 100vw, 767px\" \/>\t\t\t\t\t\t\t\t\t\t\t\t\t\t\t<\/div>\n\t\t\t\t<\/div>\n\t\t\t\t\t<\/div>\n\t\t<\/div>\n\t\t\t\t<div class=\"elementor-column elementor-col-33 elementor-top-column elementor-element elementor-element-941dc34\" data-id=\"941dc34\" data-element_type=\"column\" data-e-type=\"column\">\n\t\t\t<div class=\"elementor-widget-wrap elementor-element-populated\">\n\t\t\t\t\t\t<div class=\"elementor-element elementor-element-21a943ce elementor-widget elementor-widget-image\" data-id=\"21a943ce\" data-element_type=\"widget\" data-e-type=\"widget\" data-widget_type=\"image.default\">\n\t\t\t\t<div class=\"elementor-widget-container\">\n\t\t\t\t\t\t\t\t\t\t\t\t\t\t\t<img decoding=\"async\" width=\"768\" height=\"1024\" src=\"https:\/\/toporg.ch\/wp-content\/uploads\/2018\/04\/Admeira_2017__143_Gataric-Fotografie__low_res_-768x1024.jpg\" class=\"attachment-large size-large wp-image-24\" alt=\"Aufenthaltsraum rot\" srcset=\"https:\/\/toporg.ch\/wp-content\/uploads\/2018\/04\/Admeira_2017__143_Gataric-Fotografie__low_res_-768x1024.jpg 768w, https:\/\/toporg.ch\/wp-content\/uploads\/2018\/04\/Admeira_2017__143_Gataric-Fotografie__low_res_-225x300.jpg 225w, https:\/\/toporg.ch\/wp-content\/uploads\/2018\/04\/Admeira_2017__143_Gataric-Fotografie__low_res_.jpg 1000w\" sizes=\"(max-width: 768px) 100vw, 768px\" \/>\t\t\t\t\t\t\t\t\t\t\t\t\t\t\t<\/div>\n\t\t\t\t<\/div>\n\t\t\t\t\t<\/div>\n\t\t<\/div>\n\t\t\t\t<div class=\"elementor-column elementor-col-33 elementor-top-column elementor-element elementor-element-20a44134\" data-id=\"20a44134\" data-element_type=\"column\" data-e-type=\"column\">\n\t\t\t<div class=\"elementor-widget-wrap elementor-element-populated\">\n\t\t\t\t\t\t<div class=\"elementor-element elementor-element-743a6364 elementor-widget elementor-widget-image\" data-id=\"743a6364\" data-element_type=\"widget\" data-e-type=\"widget\" data-widget_type=\"image.default\">\n\t\t\t\t<div class=\"elementor-widget-container\">\n\t\t\t\t\t\t\t\t\t\t\t\t\t\t\t<img decoding=\"async\" width=\"767\" height=\"1024\" src=\"https:\/\/toporg.ch\/wp-content\/uploads\/2018\/04\/Admeira_2017__042_Gataric-Fotografie__low_res_-767x1024.jpg\" class=\"attachment-large size-large wp-image-19\" alt=\"Gelbe Lampe\" srcset=\"https:\/\/toporg.ch\/wp-content\/uploads\/2018\/04\/Admeira_2017__042_Gataric-Fotografie__low_res_-767x1024.jpg 767w, https:\/\/toporg.ch\/wp-content\/uploads\/2018\/04\/Admeira_2017__042_Gataric-Fotografie__low_res_-225x300.jpg 225w, https:\/\/toporg.ch\/wp-content\/uploads\/2018\/04\/Admeira_2017__042_Gataric-Fotografie__low_res_-768x1025.jpg 768w, https:\/\/toporg.ch\/wp-content\/uploads\/2018\/04\/Admeira_2017__042_Gataric-Fotografie__low_res_.jpg 999w\" sizes=\"(max-width: 767px) 100vw, 767px\" \/>\t\t\t\t\t\t\t\t\t\t\t\t\t\t\t<\/div>\n\t\t\t\t<\/div>\n\t\t\t\t\t<\/div>\n\t\t<\/div>\n\t\t\t\t\t<\/div>\n\t\t<\/section>\n\t\t\t\t<section class=\"elementor-section elementor-top-section elementor-element elementor-element-abb0510 elementor-section-full_width elementor-section-height-default elementor-section-height-default\" data-id=\"abb0510\" data-element_type=\"section\" data-e-type=\"section\">\n\t\t\t\t\t\t<div class=\"elementor-container elementor-column-gap-default\">\n\t\t\t\t\t<div class=\"elementor-column elementor-col-33 elementor-top-column elementor-element elementor-element-363f067b\" data-id=\"363f067b\" data-element_type=\"column\" data-e-type=\"column\" data-settings=\"{&quot;background_background&quot;:&quot;classic&quot;}\">\n\t\t\t<div class=\"elementor-widget-wrap\">\n\t\t\t\t\t\t\t<\/div>\n\t\t<\/div>\n\t\t\t\t<div class=\"elementor-column elementor-col-33 elementor-top-column elementor-element elementor-element-7956464a\" data-id=\"7956464a\" data-element_type=\"column\" data-e-type=\"column\" data-settings=\"{&quot;background_background&quot;:&quot;classic&quot;}\">\n\t\t\t<div class=\"elementor-widget-wrap elementor-element-populated\">\n\t\t\t\t\t\t<div class=\"elementor-element elementor-element-1aa15ada elementor-widget elementor-widget-text-editor\" data-id=\"1aa15ada\" data-element_type=\"widget\" data-e-type=\"widget\" data-widget_type=\"text-editor.default\">\n\t\t\t\t<div class=\"elementor-widget-container\">\n\t\t\t\t\t\t\t\t\t<p>Marcel A. Fuchs \u2013 Mitglied des internationalen <strong>f<\/strong>lexible <strong>o<\/strong>ffice <strong>n<\/strong>etwork <strong>fon<\/strong> und Netzwerkpartner des Instituts f\u00fcr Arbeitsforschung und Organisationsberatung iafob<\/p><p>F\u00fcr Sie gestalten und realisieren wir moderne und ergonomische B\u00fcroarbeitswelten. Wir planen und organisieren Ihre neue B\u00fcrostruktur. Wir organisieren und managen Ihren Firmen-Umzug. Kurz: Wir begleiten Unternehmen und Mitarbeitende sicher und vertrauensvoll durch den Ver\u00e4nderungsprozess.<\/p><p>Marcel A. Fuchs<\/p>\t\t\t\t\t\t\t\t<\/div>\n\t\t\t\t<\/div>\n\t\t\t\t\t<\/div>\n\t\t<\/div>\n\t\t\t\t<div class=\"elementor-column elementor-col-33 elementor-top-column elementor-element elementor-element-9411c70\" data-id=\"9411c70\" data-element_type=\"column\" data-e-type=\"column\" data-settings=\"{&quot;background_background&quot;:&quot;classic&quot;}\">\n\t\t\t<div class=\"elementor-widget-wrap\">\n\t\t\t\t\t\t\t<\/div>\n\t\t<\/div>\n\t\t\t\t\t<\/div>\n\t\t<\/section>\n\t\t\t\t<\/div>\n\t\t","protected":false},"excerpt":{"rendered":"<p>Total Office Performance AG Vom Stressbunker zur Arbeitsoase Sie bauen Ihre Firma um?Sie erstellen ein neues B\u00fcrogeb\u00e4ude?Sie investieren in eine neue Arbeitsplatzgestaltung?Sie planen einen Firmen-Umzug? Wir sind Ihre kompetenten B\u00fcroplaner. Wir gestalten Ihre neuen Arbeitswelten zukunftsorientiert nach modernen und ergonomischen Standards. Egal, ob Sie neu bauen und v\u00f6llig neue Arbeitswelten einrichten, oder ob Sie Ihr &#8230; <a title=\"Startseite\" class=\"read-more\" href=\"https:\/\/toporg.ch\/\" aria-label=\"Mehr Informationen \u00fcber Startseite\">Weiterlesen<\/a><\/p>\n","protected":false},"author":1,"featured_media":0,"parent":0,"menu_order":0,"comment_status":"closed","ping_status":"closed","template":"","meta":{"footnotes":""},"class_list":["post-98","page","type-page","status-publish"],"yoast_head":"<!-- This site is optimized with the Yoast SEO plugin v26.9 - https:\/\/yoast.com\/product\/yoast-seo-wordpress\/ -->\n<title>Total Office Performance AG Vom Stressbunker zur Arbeitsoase<\/title>\n<meta name=\"description\" content=\"Vom Stressbunker zur Arbeitsoase Sie bauen Ihre Firma um? Sie erstellen ein neues B\u00fcrogeb\u00e4ude? Sie investieren in eine neue Arbeitsplatzgestaltung? Sie planen einen Firmen-Umzug? Wir sind Ihre kompetenten B\u00fcroplaner. Wir gestalten Ihre neuen Arbeitswelten zukunftsorientiert nach modernen und ergonomischen Standards.\" \/>\n<meta name=\"robots\" content=\"index, follow, max-snippet:-1, max-image-preview:large, max-video-preview:-1\" \/>\n<link rel=\"canonical\" href=\"https:\/\/toporg.ch\/\" \/>\n<meta property=\"og:locale\" content=\"de_DE\" \/>\n<meta property=\"og:type\" content=\"article\" \/>\n<meta property=\"og:title\" content=\"Total Office Performance AG Vom Stressbunker zur Arbeitsoase\" \/>\n<meta property=\"og:description\" content=\"Vom Stressbunker zur Arbeitsoase Sie bauen Ihre Firma um? Sie erstellen ein neues B\u00fcrogeb\u00e4ude? Sie investieren in eine neue Arbeitsplatzgestaltung? Sie planen einen Firmen-Umzug? Wir sind Ihre kompetenten B\u00fcroplaner. Wir gestalten Ihre neuen Arbeitswelten zukunftsorientiert nach modernen und ergonomischen Standards.\" \/>\n<meta property=\"og:url\" content=\"https:\/\/toporg.ch\/\" \/>\n<meta property=\"og:site_name\" content=\"www.toporg.ch\" \/>\n<meta property=\"article:modified_time\" content=\"2018-05-21T11:35:37+00:00\" \/>\n<meta property=\"og:image\" content=\"http:\/\/toporg.ch\/wp-content\/uploads\/2018\/04\/Admeira_2017__086_Gataric-Fotografie__low_res_-767x1024.jpg\" \/>\n<meta name=\"twitter:card\" content=\"summary_large_image\" \/>\n<meta name=\"twitter:label1\" content=\"Gesch\u00e4tzte Lesezeit\" \/>\n\t<meta name=\"twitter:data1\" content=\"1\u00a0Minute\" \/>\n<script type=\"application\/ld+json\" class=\"yoast-schema-graph\">{\"@context\":\"https:\/\/schema.org\",\"@graph\":[{\"@type\":\"WebPage\",\"@id\":\"https:\/\/toporg.ch\/\",\"url\":\"https:\/\/toporg.ch\/\",\"name\":\"Total Office Performance AG Vom Stressbunker zur Arbeitsoase\",\"isPartOf\":{\"@id\":\"https:\/\/toporg.ch\/#website\"},\"primaryImageOfPage\":{\"@id\":\"https:\/\/toporg.ch\/#primaryimage\"},\"image\":{\"@id\":\"https:\/\/toporg.ch\/#primaryimage\"},\"thumbnailUrl\":\"http:\/\/toporg.ch\/wp-content\/uploads\/2018\/04\/Admeira_2017__086_Gataric-Fotografie__low_res_-767x1024.jpg\",\"datePublished\":\"2018-04-15T15:19:19+00:00\",\"dateModified\":\"2018-05-21T11:35:37+00:00\",\"description\":\"Vom Stressbunker zur Arbeitsoase Sie bauen Ihre Firma um? Sie erstellen ein neues B\u00fcrogeb\u00e4ude? Sie investieren in eine neue Arbeitsplatzgestaltung? Sie planen einen Firmen-Umzug? Wir sind Ihre kompetenten B\u00fcroplaner. Wir gestalten Ihre neuen Arbeitswelten zukunftsorientiert nach modernen und ergonomischen Standards.\",\"breadcrumb\":{\"@id\":\"https:\/\/toporg.ch\/#breadcrumb\"},\"inLanguage\":\"de\",\"potentialAction\":[{\"@type\":\"ReadAction\",\"target\":[\"https:\/\/toporg.ch\/\"]}]},{\"@type\":\"ImageObject\",\"inLanguage\":\"de\",\"@id\":\"https:\/\/toporg.ch\/#primaryimage\",\"url\":\"http:\/\/toporg.ch\/wp-content\/uploads\/2018\/04\/Admeira_2017__086_Gataric-Fotografie__low_res_-767x1024.jpg\",\"contentUrl\":\"http:\/\/toporg.ch\/wp-content\/uploads\/2018\/04\/Admeira_2017__086_Gataric-Fotografie__low_res_-767x1024.jpg\"},{\"@type\":\"BreadcrumbList\",\"@id\":\"https:\/\/toporg.ch\/#breadcrumb\",\"itemListElement\":[{\"@type\":\"ListItem\",\"position\":1,\"name\":\"Startseite\",\"item\":\"https:\/\/toporg.ch\/\"},{\"@type\":\"ListItem\",\"position\":2,\"name\":\"Startseite\"}]},{\"@type\":\"WebSite\",\"@id\":\"https:\/\/toporg.ch\/#website\",\"url\":\"https:\/\/toporg.ch\/\",\"name\":\"www.toporg.ch\",\"description\":\"Total Office Performance AG\",\"publisher\":{\"@id\":\"https:\/\/toporg.ch\/#organization\"},\"potentialAction\":[{\"@type\":\"SearchAction\",\"target\":{\"@type\":\"EntryPoint\",\"urlTemplate\":\"https:\/\/toporg.ch\/?s={search_term_string}\"},\"query-input\":{\"@type\":\"PropertyValueSpecification\",\"valueRequired\":true,\"valueName\":\"search_term_string\"}}],\"inLanguage\":\"de\"},{\"@type\":\"Organization\",\"@id\":\"https:\/\/toporg.ch\/#organization\",\"name\":\"www.toporg.ch\",\"url\":\"https:\/\/toporg.ch\/\",\"logo\":{\"@type\":\"ImageObject\",\"inLanguage\":\"de\",\"@id\":\"https:\/\/toporg.ch\/#\/schema\/logo\/image\/\",\"url\":\"https:\/\/toporg.ch\/wp-content\/uploads\/2018\/04\/TOP_LOGO_SCHWARZ_klein.png\",\"contentUrl\":\"https:\/\/toporg.ch\/wp-content\/uploads\/2018\/04\/TOP_LOGO_SCHWARZ_klein.png\",\"width\":100,\"height\":56,\"caption\":\"www.toporg.ch\"},\"image\":{\"@id\":\"https:\/\/toporg.ch\/#\/schema\/logo\/image\/\"}}]}<\/script>\n<!-- \/ Yoast SEO plugin. -->","yoast_head_json":{"title":"Total Office Performance AG Vom Stressbunker zur Arbeitsoase","description":"Vom Stressbunker zur Arbeitsoase Sie bauen Ihre Firma um? Sie erstellen ein neues B\u00fcrogeb\u00e4ude? Sie investieren in eine neue Arbeitsplatzgestaltung? Sie planen einen Firmen-Umzug? Wir sind Ihre kompetenten B\u00fcroplaner. Wir gestalten Ihre neuen Arbeitswelten zukunftsorientiert nach modernen und ergonomischen Standards.","robots":{"index":"index","follow":"follow","max-snippet":"max-snippet:-1","max-image-preview":"max-image-preview:large","max-video-preview":"max-video-preview:-1"},"canonical":"https:\/\/toporg.ch\/","og_locale":"de_DE","og_type":"article","og_title":"Total Office Performance AG Vom Stressbunker zur Arbeitsoase","og_description":"Vom Stressbunker zur Arbeitsoase Sie bauen Ihre Firma um? Sie erstellen ein neues B\u00fcrogeb\u00e4ude? Sie investieren in eine neue Arbeitsplatzgestaltung? Sie planen einen Firmen-Umzug? Wir sind Ihre kompetenten B\u00fcroplaner. Wir gestalten Ihre neuen Arbeitswelten zukunftsorientiert nach modernen und ergonomischen Standards.","og_url":"https:\/\/toporg.ch\/","og_site_name":"www.toporg.ch","article_modified_time":"2018-05-21T11:35:37+00:00","og_image":[{"url":"http:\/\/toporg.ch\/wp-content\/uploads\/2018\/04\/Admeira_2017__086_Gataric-Fotografie__low_res_-767x1024.jpg","type":"","width":"","height":""}],"twitter_card":"summary_large_image","twitter_misc":{"Gesch\u00e4tzte Lesezeit":"1\u00a0Minute"},"schema":{"@context":"https:\/\/schema.org","@graph":[{"@type":"WebPage","@id":"https:\/\/toporg.ch\/","url":"https:\/\/toporg.ch\/","name":"Total Office Performance AG Vom Stressbunker zur Arbeitsoase","isPartOf":{"@id":"https:\/\/toporg.ch\/#website"},"primaryImageOfPage":{"@id":"https:\/\/toporg.ch\/#primaryimage"},"image":{"@id":"https:\/\/toporg.ch\/#primaryimage"},"thumbnailUrl":"http:\/\/toporg.ch\/wp-content\/uploads\/2018\/04\/Admeira_2017__086_Gataric-Fotografie__low_res_-767x1024.jpg","datePublished":"2018-04-15T15:19:19+00:00","dateModified":"2018-05-21T11:35:37+00:00","description":"Vom Stressbunker zur Arbeitsoase Sie bauen Ihre Firma um? Sie erstellen ein neues B\u00fcrogeb\u00e4ude? Sie investieren in eine neue Arbeitsplatzgestaltung? Sie planen einen Firmen-Umzug? Wir sind Ihre kompetenten B\u00fcroplaner. Wir gestalten Ihre neuen Arbeitswelten zukunftsorientiert nach modernen und ergonomischen Standards.","breadcrumb":{"@id":"https:\/\/toporg.ch\/#breadcrumb"},"inLanguage":"de","potentialAction":[{"@type":"ReadAction","target":["https:\/\/toporg.ch\/"]}]},{"@type":"ImageObject","inLanguage":"de","@id":"https:\/\/toporg.ch\/#primaryimage","url":"http:\/\/toporg.ch\/wp-content\/uploads\/2018\/04\/Admeira_2017__086_Gataric-Fotografie__low_res_-767x1024.jpg","contentUrl":"http:\/\/toporg.ch\/wp-content\/uploads\/2018\/04\/Admeira_2017__086_Gataric-Fotografie__low_res_-767x1024.jpg"},{"@type":"BreadcrumbList","@id":"https:\/\/toporg.ch\/#breadcrumb","itemListElement":[{"@type":"ListItem","position":1,"name":"Startseite","item":"https:\/\/toporg.ch\/"},{"@type":"ListItem","position":2,"name":"Startseite"}]},{"@type":"WebSite","@id":"https:\/\/toporg.ch\/#website","url":"https:\/\/toporg.ch\/","name":"www.toporg.ch","description":"Total Office Performance AG","publisher":{"@id":"https:\/\/toporg.ch\/#organization"},"potentialAction":[{"@type":"SearchAction","target":{"@type":"EntryPoint","urlTemplate":"https:\/\/toporg.ch\/?s={search_term_string}"},"query-input":{"@type":"PropertyValueSpecification","valueRequired":true,"valueName":"search_term_string"}}],"inLanguage":"de"},{"@type":"Organization","@id":"https:\/\/toporg.ch\/#organization","name":"www.toporg.ch","url":"https:\/\/toporg.ch\/","logo":{"@type":"ImageObject","inLanguage":"de","@id":"https:\/\/toporg.ch\/#\/schema\/logo\/image\/","url":"https:\/\/toporg.ch\/wp-content\/uploads\/2018\/04\/TOP_LOGO_SCHWARZ_klein.png","contentUrl":"https:\/\/toporg.ch\/wp-content\/uploads\/2018\/04\/TOP_LOGO_SCHWARZ_klein.png","width":100,"height":56,"caption":"www.toporg.ch"},"image":{"@id":"https:\/\/toporg.ch\/#\/schema\/logo\/image\/"}}]}},"_links":{"self":[{"href":"https:\/\/toporg.ch\/index.php?rest_route=\/wp\/v2\/pages\/98","targetHints":{"allow":["GET"]}}],"collection":[{"href":"https:\/\/toporg.ch\/index.php?rest_route=\/wp\/v2\/pages"}],"about":[{"href":"https:\/\/toporg.ch\/index.php?rest_route=\/wp\/v2\/types\/page"}],"author":[{"embeddable":true,"href":"https:\/\/toporg.ch\/index.php?rest_route=\/wp\/v2\/users\/1"}],"replies":[{"embeddable":true,"href":"https:\/\/toporg.ch\/index.php?rest_route=%2Fwp%2Fv2%2Fcomments&post=98"}],"version-history":[{"count":11,"href":"https:\/\/toporg.ch\/index.php?rest_route=\/wp\/v2\/pages\/98\/revisions"}],"predecessor-version":[{"id":257,"href":"https:\/\/toporg.ch\/index.php?rest_route=\/wp\/v2\/pages\/98\/revisions\/257"}],"wp:attachment":[{"href":"https:\/\/toporg.ch\/index.php?rest_route=%2Fwp%2Fv2%2Fmedia&parent=98"}],"curies":[{"name":"wp","href":"https:\/\/api.w.org\/{rel}","templated":true}]}}